{"id":159,"date":"2024-10-30T22:08:41","date_gmt":"2024-10-30T21:08:41","guid":{"rendered":"https:\/\/www.faitsetgestes.fr\/?page_id=159"},"modified":"2024-12-27T22:14:16","modified_gmt":"2024-12-27T21:14:16","slug":"qui-je-suis","status":"publish","type":"page","link":"https:\/\/www.faitsetgestes.fr\/","title":{"rendered":"Qui je suis"},"content":{"rendered":"\n<div class=\"wp-block-cover is-light\"><span aria-hidden=\"true\" class=\"wp-block-cover__background has-background-dim-0 has-background-dim\" style=\"background-color:#f1f0e7\"><\/span><img loading=\"lazy\" decoding=\"async\" width=\"2000\" height=\"1197\" class=\"wp-block-cover__image-background wp-image-229\" alt=\"\" src=\"http:\/\/www.faitsetgestes.fr\/wp-content\/uploads\/2024\/12\/21488775340_002.jpg\" style=\"object-position:15% 7%\" data-object-fit=\"cover\" data-object-position=\"15% 7%\" srcset=\"https:\/\/www.faitsetgestes.fr\/wp-content\/uploads\/2024\/12\/21488775340_002.jpg 2000w, https:\/\/www.faitsetgestes.fr\/wp-content\/uploads\/2024\/12\/21488775340_002-300x180.jpg 300w, https:\/\/www.faitsetgestes.fr\/wp-content\/uploads\/2024\/12\/21488775340_002-1024x613.jpg 1024w, https:\/\/www.faitsetgestes.fr\/wp-content\/uploads\/2024\/12\/21488775340_002-768x460.jpg 768w, https:\/\/www.faitsetgestes.fr\/wp-content\/uploads\/2024\/12\/21488775340_002-1536x919.jpg 1536w\" sizes=\"auto, (max-width: 767px) 89vw, (max-width: 1000px) 54vw, (max-width: 1071px) 543px, 580px\" \/><div class=\"wp-block-cover__inner-container is-layout-constrained wp-block-cover-is-layout-constrained\">\n<div class=\"wp-block-columns is-layout-flex wp-container-core-columns-is-layout-9d6595d7 wp-block-columns-is-layout-flex\">\n<div class=\"wp-block-column is-layout-flow wp-block-column-is-layout-flow\" style=\"flex-basis:40%\"><\/div>\n\n\n\n<div class=\"wp-block-column is-vertically-aligned-center is-layout-flow wp-block-column-is-layout-flow\" style=\"flex-basis:50%\">\n<p class=\"has-text-align-left has-small-font-size\" style=\"font-style:normal;font-weight:100\">Je suis Marie Christine Toucheteau , originaire de la Rochelle ,je vis dans la banlieue bordelaise depuis de nombreuses ann\u00e9es .<\/p>\n\n\n\n<p class=\"has-text-align-left has-small-font-size\" style=\"font-style:normal;font-weight:100\">Mon m\u00e9tier : infirmi\u00e8re depuis bient\u00f4t 40 ans et j\u2019exerce toujours .&nbsp;<\/p>\n\n\n\n<p class=\"has-small-font-size\" style=\"font-style:normal;font-weight:100\">Ma cible de pr\u00e9dilection : la douleur&nbsp;<\/p>\n\n\n\n<p class=\"has-small-font-size\" style=\"font-style:normal;font-weight:100\">Je me suis int\u00e9ress\u00e9e pour des raisons personnelles aux techniques de soins diff\u00e9rentes&nbsp; quand la m\u00e9decine traditionnelle ne m\u2019apportait pas de solution ou pas compl\u00e8tement .&nbsp;<\/p>\n\n\n\n<p class=\"has-small-font-size\" style=\"font-style:normal;font-weight:100\">C\u2019est comme \u00e7a que j\u2019ai d\u00e9couvert la psycho \u00e9nerg\u00e9tique&nbsp; <\/p>\n<\/div>\n\n\n\n<div class=\"wp-block-column is-layout-flow wp-block-column-is-layout-flow\" style=\"flex-basis:10%\"><\/div>\n<\/div>\n<\/div><\/div>\n","protected":false},"excerpt":{"rendered":"","protected":false},"author":1,"featured_media":0,"parent":0,"menu_order":0,"comment_status":"closed","ping_status":"closed","template":"template-page-builder.php","meta":{"om_disable_all_campaigns":false,"_monsterinsights_skip_tracking":false,"_monsterinsights_sitenote_active":false,"_monsterinsights_sitenote_note":"","_monsterinsights_sitenote_category":0,"_uf_show_specific_survey":0,"_uf_disable_surveys":false,"footnotes":""},"class_list":["post-159","page","type-page","status-publish","hentry"],"aioseo_notices":[],"_links":{"self":[{"href":"https:\/\/www.faitsetgestes.fr\/index.php?rest_route=\/wp\/v2\/pages\/159","targetHints":{"allow":["GET"]}}],"collection":[{"href":"https:\/\/www.faitsetgestes.fr\/index.php?rest_route=\/wp\/v2\/pages"}],"about":[{"href":"https:\/\/www.faitsetgestes.fr\/index.php?rest_route=\/wp\/v2\/types\/page"}],"author":[{"embeddable":true,"href":"https:\/\/www.faitsetgestes.fr\/index.php?rest_route=\/wp\/v2\/users\/1"}],"replies":[{"embeddable":true,"href":"https:\/\/www.faitsetgestes.fr\/index.php?rest_route=%2Fwp%2Fv2%2Fcomments&post=159"}],"version-history":[{"count":0,"href":"https:\/\/www.faitsetgestes.fr\/index.php?rest_route=\/wp\/v2\/pages\/159\/revisions"}],"wp:attachment":[{"href":"https:\/\/www.faitsetgestes.fr\/index.php?rest_route=%2Fwp%2Fv2%2Fmedia&parent=159"}],"curies":[{"name":"wp","href":"https:\/\/api.w.org\/{rel}","templated":true}]}}