{"id":197,"date":"2024-12-20T19:36:51","date_gmt":"2024-12-20T18:36:51","guid":{"rendered":"https:\/\/www.faitsetgestes.fr\/?page_id=197"},"modified":"2025-03-16T16:31:32","modified_gmt":"2025-03-16T15:31:32","slug":"liberation-emotionnelle-par-le-massage-du-ventre","status":"publish","type":"page","link":"https:\/\/www.faitsetgestes.fr\/?page_id=197","title":{"rendered":"Lib\u00e9ration \u00e9motionnelle par le massage du ventre"},"content":{"rendered":"\n<div class=\"wp-block-cover is-light\"><span aria-hidden=\"true\" class=\"wp-block-cover__background has-white-background-color has-background-dim-100 has-background-dim\"><\/span><div class=\"wp-block-cover__inner-container is-layout-constrained wp-block-cover-is-layout-constrained\">\n<div class=\"wp-block-columns is-layout-flex wp-container-core-columns-is-layout-9d6595d7 wp-block-columns-is-layout-flex\">\n<div class=\"wp-block-column is-layout-flow wp-block-column-is-layout-flow\" style=\"flex-basis:25%\">\n<figure class=\"wp-block-image size-large\"><img loading=\"lazy\" decoding=\"async\" width=\"1024\" height=\"681\" src=\"http:\/\/www.faitsetgestes.fr\/wp-content\/uploads\/2024\/12\/close-up-patient-alternative-therapy-1024x681.jpg\" alt=\"\" class=\"wp-image-280\" srcset=\"https:\/\/www.faitsetgestes.fr\/wp-content\/uploads\/2024\/12\/close-up-patient-alternative-therapy-1024x681.jpg 1024w, https:\/\/www.faitsetgestes.fr\/wp-content\/uploads\/2024\/12\/close-up-patient-alternative-therapy-300x200.jpg 300w, https:\/\/www.faitsetgestes.fr\/wp-content\/uploads\/2024\/12\/close-up-patient-alternative-therapy-768x511.jpg 768w, https:\/\/www.faitsetgestes.fr\/wp-content\/uploads\/2024\/12\/close-up-patient-alternative-therapy-1536x1022.jpg 1536w, https:\/\/www.faitsetgestes.fr\/wp-content\/uploads\/2024\/12\/close-up-patient-alternative-therapy-2048x1363.jpg 2048w\" sizes=\"auto, (max-width: 767px) 89vw, (max-width: 1000px) 54vw, (max-width: 1071px) 543px, 580px\" \/><\/figure>\n<\/div>\n\n\n\n<div class=\"wp-block-column is-layout-flow wp-block-column-is-layout-flow\" style=\"flex-basis:5%\"><\/div>\n\n\n\n<div class=\"wp-block-column is-layout-flow wp-block-column-is-layout-flow\" style=\"flex-basis:70%\">\n<p>C\u2019est un massage qui permet de lib\u00e9rer les \u00e9motions ancr\u00e9es dans les organes suite \u00e0 un \u00e9v\u00e9nement n\u00e9gatif conscient ou non . Le praticien recherche les tensions et les lib\u00e8re .&nbsp;<\/p>\n\n\n\n<p>Le travail se fait essentiellement au niveau des organes abdominaux&nbsp; mais le coeur, les reins&nbsp; et les poumons peuvent \u00eatre aussi dans les zones \u00e0 travailler .&nbsp;<\/p>\n\n\n\n<p>Une fois les \u00e9motions n\u00e9gatives nettoy\u00e9es , le praticien peut&nbsp; alors stimuler en fin de s\u00e9ance&nbsp; l\u2019\u00e9nergie positive.&nbsp;&nbsp;<\/p>\n\n\n\n<p>La r\u00e9flexologie abdominale pour quoi faire ?&nbsp;<\/p>\n\n\n\n<ul class=\"wp-block-list\">\n<li>Pour les douleurs digestives&nbsp;<\/li>\n\n\n\n<li>Pour les douleurs dorsales&nbsp;<\/li>\n\n\n\n<li>Pour les angoisses et le stress<\/li>\n\n\n\n<li>Pour la d\u00e9tente<\/li>\n<\/ul>\n\n\n\n<p>A qui s\u2019adresse la r\u00e9flexologie abdominale ?<\/p>\n\n\n\n<p>A tous sachant que pour les enfants une s\u00e9ance s\u2019adapte \u00e0 leur capacit\u00e9 \u00e0 rester allong\u00e9 et calme .<\/p>\n\n\n\n<p>Il est parfois n\u00e9cessaire d\u2019utiliser des pierres et des huiles essentielles, toujours avec votre accord<\/p>\n<\/div>\n<\/div>\n<\/div><\/div>\n","protected":false},"excerpt":{"rendered":"","protected":false},"author":2,"featured_media":0,"parent":0,"menu_order":0,"comment_status":"closed","ping_status":"closed","template":"template-page-builder.php","meta":{"om_disable_all_campaigns":false,"_monsterinsights_skip_tracking":false,"_monsterinsights_sitenote_active":false,"_monsterinsights_sitenote_note":"","_monsterinsights_sitenote_category":0,"_uf_show_specific_survey":0,"_uf_disable_surveys":false,"footnotes":""},"class_list":["post-197","page","type-page","status-publish","hentry"],"aioseo_notices":[],"_links":{"self":[{"href":"https:\/\/www.faitsetgestes.fr\/index.php?rest_route=\/wp\/v2\/pages\/197","targetHints":{"allow":["GET"]}}],"collection":[{"href":"https:\/\/www.faitsetgestes.fr\/index.php?rest_route=\/wp\/v2\/pages"}],"about":[{"href":"https:\/\/www.faitsetgestes.fr\/index.php?rest_route=\/wp\/v2\/types\/page"}],"author":[{"embeddable":true,"href":"https:\/\/www.faitsetgestes.fr\/index.php?rest_route=\/wp\/v2\/users\/2"}],"replies":[{"embeddable":true,"href":"https:\/\/www.faitsetgestes.fr\/index.php?rest_route=%2Fwp%2Fv2%2Fcomments&post=197"}],"version-history":[{"count":0,"href":"https:\/\/www.faitsetgestes.fr\/index.php?rest_route=\/wp\/v2\/pages\/197\/revisions"}],"wp:attachment":[{"href":"https:\/\/www.faitsetgestes.fr\/index.php?rest_route=%2Fwp%2Fv2%2Fmedia&parent=197"}],"curies":[{"name":"wp","href":"https:\/\/api.w.org\/{rel}","templated":true}]}}